 g be ((-125)/(-75))/(15/(-18)). Determine j(g).
-10
Let h(r) = -r**3 - 8*r**2 + 9*r + 9. Let n(j) = -12*j + 65. Let g be n(5). Suppose -57 = g*z + 4*v, 9 = -5*v - 6. Give h(z).
9
Let b = -38 - -94. Let o = -53 + b. Let i(y) = 129*y - 120*y + 2 - 9*y**2 + 0*y**o - y**3 + 2*y**3. What is i(8)?
10
Suppose -5*q - 105 = 5*f, 300*q - 295*q + 7 = 2*f. Let l(r) = -r**2 + 5*r + 273. Calculate l(f).
7
Suppose 4*s = -0*y + 4*y + 32, -5*y = 15. Suppose -g = -2*z + z - 9, g + 75 = -s*z. Let p = 16 + z. Let r(k) = -k**2 + 2*k - 2. Give r(p).
-2
Suppose 3*u - 2 - 25 = 3*h, -2*h = -4*u + 26. Let y(a) be the third derivative of 0*a - 9*a**2 + 7/6*a**3 + 0 + 1/60*a**5 + 1/4*a**4. Calculate y(h).
2
Suppose 0 = -3*h + h + 2, -2*k - 36 = -2*h. Let b = k - -20. Let i(v) = 2*v + 2*v**2 - 3 - 1 - 5*v - b*v**2. Determine i(-4).
-8
Let l(w) = -9*w**2 + 4921*w**3 - 9 - 5*w - 4922*w**3 - 2*w**2. Give l(-11).
46
Let n(r) = -r**2 - 2*r + 2. Let b = 672 - 611. Suppose -79*k + 90 = -b*k. Determine n(k).
-33
Let v(c) = 26*c - c**3 - 31*c**2 + 4 + 4*c**2 - c**3 + 3*c**3. What is v(26)?
4
Let y be -6 - (196/(-14) + 7). Let l(z) = 26*z - 4. Give l(y).
22
Let o(r) = r**3 + 3*r**2 - 3*r - 3. Let p be o(-4). Let x = -42 - -44. Let y(q) = 2 - 18*q + q**x + 26*q - 1 - 5. Calculate y(p).
-11
Let r = -286 + 293. Let o be r*((-10)/2 + 6). Let k(f) = -f**3 + 5*f**2 + 11*f - 4. Give k(o).
-25
Let k(x) be the third derivative of x**5/30 - x**4 - 31*x**3/6 - 2041*x**2. Give k(14).
25
Suppose -4*q + 10 = 5*y - 5, 2*q - 3 = -y. Suppose q = -262*g + 269*g - 21. Let b(w) = -11*w + 3. What is b(g)?
-30
Let w = -40 - -33. Let c(t) = t + 33. Let q be c(-12). Let n(b) = 2 + 10 - q + b. What is n(w)?
-16
Let s(u) = 29*u + 76. Let o(t) = 45*t + 116. Let a(c) = -9*o(c) + 14*s(c). Calculate a(6).
26
Let y be (-4)/18 + 256/18. Let r(f) = -6*f + f**2 - 7*f - 3 - 14 + 0 + 12*f - 12*f. What is r(y)?
-3
Let p(q) = 12*q + 29. Let g(y) = -15*y - 33. Let w(o) = -5*g(o) - 6*p(o). Let c = 136 - 140. What is w(c)?
-21
Let y = 8975/39 - 2970/13. Let g(s) be the third derivative of 1/120*s**6 + 0 - s**2 + y*s**3 - 1/60*s**5 + 0*s**4 + 0*s. Determine g(0).
10
Suppose 8*h - 550 = -36*h + 66. Let i(j) = 3*j - 1. What is i(h)?
41
Let b(t) = t**2 - 7*t - 3. Suppose 0 = v - 2*i - 31, 2*v = -v - 5*i + 93. Suppose 480 = 212*w - 232*w. Let s = w + v. Determine b(s).
-3
Let t(p) be the second derivative of p + 5*p**2 - 7/12*p**4 - 22 - 1/6*p**3 - 1/20*p**5. Suppose 0 = 5*o + 5*z + 25, -42 = 5*o + z - 9. What is t(o)?
17
Let g(v) = -28 - 99*v + 260*v - 78*v - 81*v. Give g(-5).
-38
Let a(r) = r**2 + 16*r + 6. Let q(v) = -v - 16. Suppose 4*n = -n + 6*n. Let f be q(n). Determine a(f).
6
Let h(q) = -11*q + 931*q**2 - 58 - 6*q - 4*q - 464*q**2 - 469*q**2. What is h(-7)?
-9
Suppose -7*b + 24 + 88 = 0. Let o(q) = -4 + 20*q + 2 - 21*q - b. Let m be o(-17). Let i(c) = -5*c**2 + 1. Determine i(m).
-4
Suppose b - 3*y = -4 + 7, -b = -4*y - 3. Let m(n) = -n**3 + n**2 + 2*n + 13. Give m(b).
1
Let f(i) = -i**2 - 10*i + 12. Let y be f(-11). Let s(l) = -7*l + 2 - 3*l + l - 1. Determine s(y).
-8
Let u be 4432/(-72) - 8/18. Let l = u - -65. Let k(z) = 7*z**2 - 5*z**2 + 3*z - 4*z**2 + z**3. Determine k(l).
18
Let o(t) = -t**3 + 17*t**2 + 3*t - 28. Let s = -2841 - -2858. Give o(s).
23
Let w(l) = 2*l**3 - 12*l**2 + 5*l + 31. Let s be w(5). Let i(k) = -147*k**2 + s + 145*k**2 + 5*k - 10. Give i(2).
-2
Let r(l) = 0*l - 62 - 7*l - 839*l**3 - 2*l + 840*l**3 - 13*l**2. Give r(14).
8
Let g(i) be the third derivative of -i**5/60 + i**4/6 - i**3/6 - 621*i**2. What is g(5)?
-6
Let o(z) = -2*z**2 + 31*z - 33. Let w be o(14). Let f(b) = -7 - 21*b**2 + w*b - 16*b + 20*b**2. Calculate f(-6).
-1
Let l be 42/(-30) - 56/35. Let m be 371/35*1 - l/(-5). Let o(g) = g + 5. Give o(m).
15
Let c(o) be the third derivative of o**6/360 - o**5/12 + 11*o**4/24 - 7*o**3/3 + 2*o**2 + 3. Let p(n) be the first derivative of c(n). Determine p(9).
2
Let i(o) = 95*o + 131 - 21*o + 0 - 34*o - 27*o. Determine i(-10).
1
Let w(b) = -b**2 + 6*b + 6. Let j = -961 + 967. Determine w(j).
6
Let g(x) = 8*x**2 + 16*x + 17. Let s(u) = 9*u**2 + 18*u + 17. Let i(t) = 8*g(t) - 7*s(t). Give i(0).
17
Suppose -5*j = -3*c - 27, 0 = -0*j + j + 5*c - 11. Let x(y) = -j*y**3 + 6*y**3 + y**3 + y + 6*y**2 + 3 + 2*y**2. What is x(-8)?
-5
Let u(l) = 37*l**2 + 8*l + 86. Let z(r) = 13*r**2 + 3*r + 30. Let g(k) = -6*u(k) + 17*z(k). Determine g(3).
-6
Let h(a) = -a**3 - 5*a**2 + 5*a - 3. Let s = -2019 + 2013. What is h(s)?
3
Let h(k) be the second derivative of -5*k**4/12 + 2*k. Let p = 467 + -465. Suppose -6*w + 2*d - 4 = -4*w, w + p = 3*d. Calculate h(w).
-20
Let a(l) = l**2 + 11*l - 13. Let t(r) = -r**2 + 40*r - 30. Let f be t(-14). Let s = f + 774. Calculate a(s).
-1
Let b(l) = 98 - 8*l**2 + 3*l - 184 - 2*l**3 + 77. Give b(-5).
26
Let d(m) = 27*m**3 + 131*m**2 + 10*m - 26. Let l(s) = 3*s**3 + 14*s**2 + s - 3. Let i(z) = -2*d(z) + 19*l(z). What is i(-2)?
-11
Let m = 480 + -914. Let t = 435 + m. Let b(s) = -25*s. Give b(t).
-25
Let y be 22/143 - (12/(-26)*4 - -4). Let h(x) = 2*x**3 + 2*x + 3. Give h(y).
-17
Let a be (-123)/72 + (-70)/(-40). Let c(f) be the third derivative of -1/60*f**5 + 0*f + a*f**4 + 0 + 1/120*f**6 - 31*f**2 - 1/2*f**3. Calculate c(0).
-3
Let c be (((-3)/(-1))/(-45)*5)/((-6)/(-414)). Let p(y) = -5*y**2 - 116*y - 13. What is p(c)?
10
Let c(x) = 3 - 668*x + 1326*x - 698*x. What is c(1)?
-37
Let f(o) = 596 - 285 - 4*o - 308. Give f(-3).
15
Let d(u) = -51*u**2 - 2*u + 18. Let p(g) = -25*g**2 - g + 9. Let f(n) = 6*d(n) - 13*p(n). Let q(l) = -15*l**2 - 2*l + 8. Let c(o) = 4*f(o) + 5*q(o). Give c(3).
-5
Suppose 3*g + w - 15 = 5*g, 0 = 3*g + w + 25. Let s(v) = v**2 + 15*v + 73. Calculate s(g).
17
Let f(i) be the first derivative of 7*i**6/360 - i**5/30 + i**4/8 - 19*i**3/3 - 3*i**2/2 + 72. Let a(v) be the third derivative of f(v). What is a(1)?
6
Suppose -5*x = -3*z - 16, -2*x + 55 = z + 64. Let j(t) = -2*t**3 - 14*t**2 - 2*t - 12. Determine j(z).
2
Let a(o) = o**3 + 6*o**2 - 8*o + 10. Suppose 4*r - 883 = -w, 5*r - 2*w + 174 = 1281. Let f = r - 229. Determine a(f).
-54
Suppose 0 = -4*r - x + 45, 3*x = -4*r + 5*x + 42. Let c(q) = 12 - 11*q - 3 + 10*q**2 - r + q**3. Determine c(-11).
-2
Let f(t) be the third derivative of t**8/20160 - t**7/1260 - t**5/30 + 31*t**3/2 - 21*t**2 + t. Let x(a) be the third derivative of f(a). Calculate x(4).
0
Suppose 0 = 10*y - 21*y + 66. Let c(o) = 23*o**3 + 7*o**2 + 23*o - 6. Let w(z) = 22*z**3 + 6*z**2 + 20*z - 5. Let f(h) = y*c(h) - 7*w(h). Determine f(-1).
17
Let z(d) = -d**2 + 13*d + 5. Let s(v) = -v**2 - 34*v - 272. Let b be s(-19). Determine z(b).
5
Let w(n) = 3*n**3 - 3*n**2 + 6*n - 5. Suppose -6*p = 8 - 32. Let a(k) = 2*k**3 - 3*k**2 + 5*k - 5. Let h(o) = p*a(o) - 3*w(o). Determine h(-4).
3
Suppose 9*s - 1 - 107 = 0. Let z(h) be the first derivative of h**3/3 - 6*h**2 - h - 1. Give z(s).
-1
Let n(x) be the first derivative of -x**3/3 - x**2/2 + x + 1. Suppose 5*y - 66 = -56. Suppose 241*q = 239*q + y. Calculate n(q).
-1
Let z(v) = -13*v**2 - 28*v - 34. Let u(y) = 36*y**2 + 80*y + 102. Let n(g) = 4*u(g) + 11*z(g). Give n(-6).
-2
Let q(b) = 133*b - 55. Let l(r) = 43*r - 18. Let v(u) = -7*l(u) + 2*q(u). Let o(k) = 22*k - 11. Let z(a) = 8*o(a) + 5*v(a). Calculate z(15).
7
Let v(l) = -44 - 217*l + 39 - 57 - 167*l + 374*l. Give v(-10).
38
Let d(j) = -10*j**2 - 5664*j - 55 + 2834*j - j**3 + 2849*j. Give d(-12).
5
Let v(h) = h**2 - 8*h + 5. Let d(j) = j**2 - 330*j + 2*j**2 + 14 + 0*j**2 + 308*j. Let s(z) = 6*d(z) - 17*v(z). What is s(-6)?
11
Let l(k) = 2*k + 11. Let n = 156 + -147. Let h be (-11 - -8)*(0 + 15/n). Determine l(h).
1
Let i(z) be the second derivative of 3*z**3 + 1/2*z**2 - 82*z + 0. Let g = -4 + 3. Give i(g).
-17
Let n(r) = -9*r + 115. Let i = 5605 - 5593. Calculate n(i).
7
Suppose -b + 5*s - 61 = 0, -249 = 5*b - 0*s + 3*s. Let a = 53 + b. Let w(j) = -10*j + j**a - 6 + 11*j + 0*j. What is w(0)?
-6
Let p(x) be the first derivative of 5*x**3 + 2*x - 1442. What is p(2)?
62
Let p(t) = 14940*t**3 - 17*t**2 - 2 + 26*t + 4*t + 1 - 14939*t**3. Calculate p(15).
-1
Let k be 0/(-10)*2/(-4). Let m(w) be the first derivative of -w**3/3 + w**2/2 + 19*w + 267. Calculate m(k).
19
Let y be (5 - 2)*2*21/(-9). Let o(s) = -s**3 - 15*s**2 - 13*s - 4. What is o(y)?
-18